4540252?
104541253
In base 16, what is -1333 + -12e42?
-14175
In base 13, what is 250c73 + 45?
250cb8
In base 12, what is 7 + 6b76211?
6b76218
In base 6, what is 101212 + -10433?
50335
In base 9, what is 14807246 + 5?
14807252
In base 16, what is -ff94f9b + -4?
-ff94f9f
In base 3, what is 100121 - -101021020122?
101021121020
In base 16, what is -3c4 + -19e?
-562
In base 6, what is -1400540 - -3330?
-1353210
In base 4, what is -13 + 332021113311?
332021113232
In base 16, what is 2533df - -221?
253600
In base 4, what is 1020 + -1013102333?
-1013101313
In base 3, what is -20000 + 112201021002201?
112201020212201
In base 12, what is -47a56a - 2?
-47a570
In base 14, what is -2b2 - 155c0?
-15892
In base 14, what is -3 + -2b64d00?
-2b64d03
In base 9, what is -125284 - 10376?
-135671
In base 10, what is -15 + 4576565?
4576550
In base 6, what is -134 - 102555024?
-102555202
In base 15, what is 3 + -6220cc0?
-6220cbc
In base 8, what is 166222 + 272?
166514
In base 2, what is 10001110011000010 + -11100001?
10001101111100001
In base 7, what is -225241 + -2010?
-230251
In base 4, what is 2122002312 + 1013?
2122003331
In base 8, what is -5504670611 - -4?
-5504670605
In base 2, what is -1 - 111100110000001101011111111?
-111100110000001101100000000
In base 11, what is 32aa - 34733?
-31434
In base 6, what is 5 - 10245133415?
-10245133410
In base 16, what is 4423 - 59?
43ca
In base 16, what is -5a6 - 26b7d?
-27123
In base 7, what is 5310 - 155346?
-150036
In base 16, what is -10c22 + -699?
-112bb
In base 15, what is -53d - -3d4?
-159
In base 6, what is -3420415543 + 4?
-3420415535
In base 9, what is 550 - 3156?
-2506
In base 10, what is -2916 + 10492?
7576
In base 13, what is 24b0 + 162a?
3b0a
In base 11, what is -2517854 - -6?
-2517849
In base 4, what is 13012103021 - -201?
13012103222
In base 5, what is 0 - -302144010?
302144010
In base 9, what is 28450 + -2121?
26328
In base 10, what is -301030 + 10?
-301020
In base 7, what is 10456466 + -262?
10456204
In base 11, what is 7822159 - 0?
7822159
In base 10, what is -2 + -36824664?
-36824666
In base 6, what is 0 + 535205041?
535205041
In base 14, what is 2d505 + 14c9?
309d0
In base 15, what is -146b + -a35?
-1ea1
In base 15, what is 17 - 4b6e33?
-4b6e1b
In base 12, what is 180490588 - -3?
18049058b
In base 7, what is 321465422 + -46?
321465343
In base 15, what is 40bec - 3c?
40bb0
In base 13, what is 14890 + 31c?
14bac
In base 2, what is -110101010111001000 + 110000001100?
-110100100110111100
In base 2, what is 1000 - -1001010010110011110100?
1001010010110011111100
In base 14, what is 41020b78 - 3?
41020b75
In base 11, what is -33423 - 624?
-33a47
In base 11, what is -2a336 + 42?
-2a2a4
In base 9, what is -161 + 128202?
128031
In base 10, what is 20 - 33714?
-33694
In base 10, what is -14977 - 1535?
-16512
In base 5, what is -10 - -30042242?
30042232
In base 9, what is -4171 + -16847?
-22128
In base 13, what is -2c61 - 4b25?
-7a86
In base 15, what is 4 + b0bb3ea?
b0bb3ee
In base 12, what is -7797 + -343a?
-b015
In base 11, what is 3046316 - -4?
304631a
In base 7, what is 312231 - 33500?
245431
In base 16, what is -5b7dd + -1?
-5b7de
In base 12, what is -10435703 - 7?
-1043570a
In base 8, what is 53 + 1076677?
1076752
In base 4, what is -101003212332 + 13?
-101003212313
In base 13, what is 44658 + 20b?
44866
In base 15, what is -d3e0608 - 3?
-d3e060b
In base 3, what is 1112212221000210220 + -12?
1112212221000210201
In base 11, what is 2594528 - -a?
2594537
In base 16, what is 0 + 19519f?
19519f
In base 13, what is -a + -515a42?
-515a4c
In base 11, what is 539902a + 16?
5399045
In base 3, what is 102 - -1222022110002211?
1222022110010020
In base 11, what is -4 + -a6926a15?
-a6926a19
In base 8, what is -1347417 - 60?
-1347477
In base 3, what is 2022010102 + 20?
2022010122
In base 10, what is 4 + 345409440?
345409444
In base 4, what is 120133122 - 10321?
120122201
In base 8, what is 1 + -1501613454?
-1501613453
In base 7, what is 125 + -5346210?
-5346052
In base 15, what is -427d - -19a69?
157db
In base 15, what is -69c6 + -cad?
-7784
In base 8, what is 3533 + 2265?
6020
In base 3, what is -10002 + -1000212001101100?
-1000212001111102
In base 5, what is -121210141 - 0?
-121210141
In base 14, what is 220 - -1da70?
1dc90
In base 9, what is 268 + 1364?
1643
In base 16, what is -a38c - -6fd?
-9c8f
In base 11, what is 3 + -504649?
-504646
In base 4, what is 110000 + 2332010?
3102010
In base 5, what is 10 + -4233124130?
-4233124120
In base 15, what is e3b + -142b6?
-1337a
In base 13, what is -198056 + c0?
-197c66
In base 9, what is 5 - -11583221?
11583226
In base 2, what is -100 + 11111111111111001001001?
11111111111111001000101
In base 14, what is -7 + -30ddb7?
-30ddc0
In base 15, what is -3e1681 + 3?
-3e167d
In base 2, what is -111000011010010001010011 + -101?
-111000011010010001011000
In base 3, what is -11 - -2001211020001121?
2001211020001110
In base 6, what is 424042135515 + 5?
424042135524
In base 14, what is 777c - 4a?
7732
In base 9, what is -73118450 - 1?
-73118451
In base 2, what is 1101 + 1010010010101000001000?
1010010010101000010101
In base 8, what is 7 - 47027014?
-47027005
In base 10, what is -49 - -819486?
819437
In base 5, what is -1433 - 1130332?
-1132320
In base 7, what is -11 - 5466152?
-5466163
In base 5, what is -31 - -3131403413?
3131403332
In base 4, what is -11 - 10102201111012?
-10102201111023
In base 13, what is 17 + 2566088?
25660a2
In base 10, what is -4 + 111559726?
111559722
In base 11, what is -4126 + -18091?
-21207
In base 4, what is -1 - 2130122233230?
-2130122233231
In base 15, what is 8834 + 1706?
a03a
In base 15, what is 4 + -118a68d2?
-118a68cd
In base 2, what is 10101001111001100111 - 110011?
10101001111000110100
In base 15, what is 8c3c0a + 0?
8c3c0a
In base 4, what is 30301113 + 111011?
31012130
In base 9, what is -18 + -20682122?
-20682141
In base 9, what is 387883443 - 6?
387883436
In base 16, what is 2 + 20a1041?
20a1043
In base 9, what is 473431604 - 6?
473431587
In base 10, what is 30766 - -226?
30992
In base 7, what is 301142 - -1010?
302152
In base 11, what is 24 + -20349a0?
-2034977
In base 6, what is 4500501440 - 1?
4500501435
In base 13, what is 2229a8b8 + -a?
2229a8ab
In base 16, what is -ce7f58 - 1?
-ce7f59
In base 3, what is -12 + -2110221012021220?
-2110221012022002
In base 3, what is -1012211111110021 - 111?
-1012211111110202
In base 12, what is 910 + -147b3?
-13aa3
In base 16, what is -10b34 + -234?
-10d68
In base 2, what is 11111000110110000000 - 1?
11111000110101111111
In base 16, what is -2b9f - -592?
-260d
In base 5, what is -311121332 + 2031?
-311114301
In base 6, what is -15530331 - 53?
-15530424
In base 11, what is 7434a7 - -48?
743544
In base 15, what is 9 - -7b40c8?
7b40d2
In base 15, what is 0 + 91367c?
91367c
In base 10, what is -3254 - -3169?
-85
In base 8, what is 1146 - -111636?
113004
In base 7, what is 2423 + -1416054?
-1413331
In base 10, what is 76 - -1319897?
1319973
In base 12, what is 7a72336 + -10?
7a72326
In base 12, what is -51b3a1 + -1?
-51b3a2
In base 12, what is b8570 - -129?
b8699
In base 8, what is -201 - 523204?
-523405
In base 4, what is -2131113 - 321113?
-3112232
In base 3, what is 2 + 221221212011?
221221212020
In base 12, what is 9882691 + -3?
988268a
In base 15, what is -3 - -136934e?
136934b
In base 2, what is -111111010011100010 + 100100?
-111111010010111110
In base 14, what is -139 - 12071d?
-120858
In base 14, what is d - -6070c?
6071b
In base 4, what is 13300201021 - -100?
13300201121
In base 11, what is -40910 + -2?
-40912
In base 10, what is -1443234 + 125?
-1443109
In base 4, what is -10 + -1312222123011?
-1312222123021
In base 12, what is -4b4 - -58121?
57829
In base 2, what is -1101110000100000111 - -11000?
-1101110000011101111
In base 6, what is -15501244024 - 5?
-15501244033
In base 15, what is 1 + -115a?
-1159
In base 15, what is -838da0 - e4?
-838e94
In base 3, what is -220 - -1120100021102?
1120100020112
In base 2, what is 1011011111 - 101000110001?
-11101010010
In base 11, what is 5 + 20808999?
208089a3
In base 14, what is -704d033 + -5?
-704d038
In base 11, what is 955 - 10151?
-a2a7
In base 16, what is -1c3 - -3eeba?
3ecf7
In base 16, what is e0 - cd4?
-bf4
In base 11, what is -2854 + 133?
-2721
In base 4, 